 - (-8 - -10))?
85
-10 - (-15 - (-11 + 3 + (-10 - -15)))
2
What is -78 - -1 - (-10060 - -10029)?
-46
Evaluate (-62 - -81 - (-1 + -10) - 17) + -41.
-28
What is (-2 - (-4 + -1)) + (-16 - 93) + 99 - -2?
-5
Calculate (0 + 73 - -22) + -10.
85
-30 + (-3 - -28) - -40 - -12
47
Calculate 2009 + -2011 - (17 - -2).
-21
Evaluate 32 - ((-24 - (11 - 40)) + -43).
70
What is the value of 233 - 396 - (-88 - 140)?
65
What is -3 + 0 + -25 + 262 + -368?
-134
Evaluate -477 + 424 + 33 + 2.
-18
What is the value of -7 + (-5 - -3) + -26 + -3 - 4 - -7?
-35
What is (11 - -2) + (27 - (22 + -14))?
32
What is 184 - (-55 + 116 - (0 + 30))?
153
(-9 - 9) + 26 - (3 + 1 - 2 - 104)
110
What is 10 + -118 + 45 + (2 - -17) + (-9 - -1)?
-52
Evaluate -14 + -1 + (38 + 36 - 19) + -8 + -5.
27
What is the value of -29 + 40 - ((44 - 35) + -36)?
38
What is the value of (7 + 60 + 12 + -17 - -16) + -9?
69
Evaluate 42 + (42 - (-46 + 130)).
0
What is the value of -17 + -2 + (-50 - (-97 + 64))?
-36
Calculate -41 + (7 + -6 - -3 - -13).
-24
Calculate (-9 - (-6 + 0 - 7)) + -6 + (5 - -3).
6
What is 16 - -3 - -3 - (14 - (9 + 1) - -3)?
15
What is the value of 51 + (-48 - -90 - 80)?
13
What is the value of 18 + 3 + 9 + (3 - 11)?
22
Evaluate (39 - 63) + 63 - 85.
-46
What is -630 + 728 + -71 + 3?
30
What is the value of -45 + 35 + 21 - (2 + (1 - 2 - 45))?
55
What is the value of (-471 + 296 - -141) + (-1 - -122)?
87
Evaluate 25 + (-13 + -6 + 13 - (8 - 7)) + 1.
19
Calculate (-153 - -168) + (0 - (-20 + 44)).
-9
What is 82 + 7 + 43 + -29 + -2 + -22?
79
Evaluate -9 + (-3 - 0) + (-33 - -10 - 15).
-50
Calculate -13 + (45 - (-28 + 65 - 22)).
17
Calculate (1 - -146) + (39 - (91 - (1 - -41))).
137
57 + (61 - 3 - 51)
64
Evaluate -34 + ((-7 - -11) + -22 - -36 - 1).
-17
Evaluate -18 - -17 - -13 - (9 - -12).
-9
Evaluate (41 - -2) + (-277 - -267).
33
10 + -1 - ((-24 - -1) + 12 + -23 + 19)
24
Evaluate (33 - ((12 - 22) + 16 - -7)) + -55.
-35
Evaluate (-2 - -17 - (-101 - -111) - (0 - 24)) + -7.
22
Evaluate 10 + -19 + 8 + 3 + 0 + -4 + 49.
47
Evaluate (1360 - 1401) + 5 + 1.
-35
What is (-23 + 67 - 100) + 32?
-24
What is -15552 + 15581 + (1 + -35 - 1)?
-6
50 + -111 + 39 - (-6 + 4)
-20
Evaluate -10 + 54 - 0 - 25.
19
What is (-42 - (-90 - -47)) + -25?
-24
Evaluate (7 - -1 - (-46 + 15 + 20)) + -11.
8
What is -28 + 29 - (-1 - 1) - ((-10 - -31) + -137)?
119
Calculate -39 - (-87 + 87 + -121).
82
Evaluate 5 - (2 - -12 - (9 + -53 + 69)).
16
Evaluate -89 + (-27 - -72) - -30.
-14
Calculate -2 + (51 - -2) + -31 + (1 - -10) + 11.
42
Evaluate -25 - -16 - -4 - (-7 + -22).
24
(-97 - -42) + (-9 + 11 - (-1 + -1 + 1))
-52
What is the value of (-60 - 0) + 4 + (-10 - 0 - (67 + -80))?
-53
3 + -40 - (-865 + 842)
-14
(15 + 1 - 0) + 62 + (-117 - 42)
-81
Calculate 33 + ((-21 - -27) + -3 - 12).
24
Calculate 44 + (0 + -8 + 16 - (0 - -5)).
47
Calculate 131 - (90 + -78) - 220.
-101
7 - (-4 + 12 + 27 + -14) - -23
9
-9 + (-8 + (10 - 12) - 5) + 31
7
24 - ((-78 - -102) + 91)
-91
What is 59 + -1 + (-107 - (196 - 307))?
62
-14 - (-21 + 83 + -49 + (0 - 21))
-6
What is -25 + (0 - (3 + -12)) + 4 + 60?
48
What is 56 + 5 + (25 - 55) - (1 - 10)?
40
Evaluate -3 - 34 - (1 - (-9 - (17 + (-30 - -17)))).
-51
What is 26 + (31 + -64 - -7)?
0
(-5 + 5 - -2 - -14) + -6 - (-68 - -118)
-40
Evaluate -3 - 65 - (0 + 14 + 14 - 38).
-58
What is (-57 - -17) + 24 + 3?
-13
Calculate 20 + (50 - 46) + -48.
-24
What is (-13 - (2 - 12)) + 4 + (18 - 8) + 89?
100
What is (-8 - 112) + 460 + -319?
21
What is the value of 9 - (59 + -20 - (28 - -40))?
38
Calculate -76 + (-57 - -109) - (1 + -9) - (8 - -1).
-25
What is (3 - -91) + -19 + 46 + -33 + 13?
101
What is (36 + -56 - -48) + -32?
-4
123 - (-81 - -42 - -67 - -6)
89
What is -45 + 31 + 21 - (34 + -1 + 0)?
-26
What is the value of (33 - 109) + 16 - (-4 + -11)?
-45
Calculate -24 + 58 + -28 + (-1 - 5) + 59.
59
Evaluate (-239 - -263) + (0 + 7 - -10).
41
((1 - -23) + (3 - 13) - -24) + -14
24
What is the value of (30 - -36) + -39 - 74?
-47
Evaluate -92 + 1 + -46 + 51 + -2 + (-16 - -12).
-92
Calculate -17 - 3 - -1 - (-29 + (135 - 83)).
-42
Evaluate (-2 - 121) + (23 - 62) + 21 + (3 - -11).
-127
What is 7 + -22 - (-13 - (-30 + 12) - 42)?
22
What is the value of 11 + 3 - ((-3 - -12) + -50)?
55
What is the value of (2 + 11 - (27 + -50) - 2) + 0 + -10?
24
What is the value of -13 + 1 + (-95 - -26) + (-30 - -30)?
-81
Calculate 15 + (13 - ((6 - 16 - -27) + 3)).
8
What is (-25 - -11) + (-30 - (-6 - -3))?
-41
Calculate 9 + (12 - (-113 + 36 - -47)).
51
What is 50 + (8 - (-1 - (-1 - -1)) - (-4033 - -4043))?
49
What is the value of -2 + (2 - -49) + -11 + 3 + 7?
48
What is -50 + (-2 - 3 - (-309 - -277))?
-23
Calculate 112 + -110 + (25 - 2) - 60.
-35
Calculate (-31 - 75 - -42) + 24.
-40
Evaluate (-19 - -1) + (40 - 33) - (-105 + (11 - -11)).
72
What is 8 + (-4 + -5 - -3) + (3 + -7 - -10)?
8
What is -7 + (14 - 4) - (49 + (13 + -6 - 0))?
-53
What is 1696 - 1756 - ((-1 - -1) + (-1 - -4))?
-63
Calculate 29 + 14 + (-61 + 46 - (-5 + 0)).
33
What is 25 + -2 - (-156 + (166 - 43))?
56
What is -148 - (87 + -41 + -100)?
-94
Evaluate 16 + (-12 + -59 - -32) - 54.
-77
What is the value of (-5 - (13 + 3 + 2)) + -8 + 6?
-25
Evaluate 0 + 5 + (32 - 35) + 20 + -25 + -8.
-11
Calculate 134 + (-43 + 28 + -33 - -21).
107
Calculate 55 + -1 + 0 + 6 + (3825 - 3823).
62
8 - (48 + -36 + 15)
-19
Evaluate (-11 - 5) + (0 - 1) + 183 + -244.
-78
Evaluate (3 + -28 - -12) + 27 + -12.
2
Calculate 29 + 65 + (-20 - 14).
60
What is the value of (4 - 31) + 28 + (-31 - 14)?
-44
What is 6 + (21 - (12 + -14 + 12))?
17
22 - -30 - 45 - 19
-12
Calculate 147 - (-394 - -410 - (4 + 0 + -2)).
133
What is the value of -27 + 12 + 10 + -10 + (-9 - -1 - 17)?
-40
What is the value of (17 - 25) + 38 + 4 + -33 - (36 + 1)?
-36
Evaluate (7 - 0) + ((1 - (16 + -16)) + 6 - -1).
15
-16 - (40 + -30 - (4 + -3) - 14) - -65
54
Evaluate (-65 - (-40 - -11)) + (-21 - -3).
-54
Evaluate 4 + (-1 - (-20 - -2)) - (-95 - -109).
7
What is 37 - (-35 + 82) - (23 - 8)?
-25
50 + 16 - (18 + 17 - 9)
40
What is -5 - -3 - 4 - (72 + -27 + -105)?
54
Evaluate (-33 - -30) + (-11 - (-6 + -11 + 8)).
-5
Evaluate -20 + 41 + -101 - -48.
-32
Calculate 66 + (-48 - 93 - -68).
-7
Calculate 152 + -196 + 136 + -69.
23
What is 18 + 1 - ((65 - -104) + -228)?
78
Calculate -17 + 18 + (-31 - -2) + 14 + 50.
36
(-6 - (3 - 5)) + (-1 - -4) + -1372 + 1361
-12
(0 + -8 - (14 - 21)) + 3 + 48 + 4
54
18 + (17 - 47) + -61 + 7 - (-6 - 0)
-60
Calculate 3 + -32 + (493 + -504 - ((-1 - -1) + 1)).
-41
What is the value of -9 + (-45 - (-61 + 29)) + (2 - 1) + 6?
-15
Calculate -20 + (6 - -34) + 19.
39
What is 57 + 5 + 8 + (-3 - (-21 - -26))?
62
Evaluate -102 + (144 - -71) - 147.
-34
-12 - (1 - 12) - (10 + (4 - 16))
1
(0 - 1 - (47 + 1)) + (-80 - 224 - -291)
-62
57 + -33 + 128 + -147
5
Evaluate (-167 - -161) + (74 - -1).
69
Calculate -16 - ((3 - -23) + -44).
2
1 + 6 + -7 + -11 + (0 - -3)
-8
(-42 - -25) + (-22 - -23) + 2 + -1 - -11
-4
-62 + 0 - (31 + -26 - (2 - -8))
-57
(-9 + 21 + -15 - -6) + (24 - -14)
41
Calculate -9 - (1 - 0) - (-1663 + 1634).
19
(-2 - 9) + (-2 - (-20 + 23)) + -131 - -11
-136
What is 1407 + -1381 + -8 + 2?
20
Evaluate 9 + -6 + -1 + -66 + (-15 - -6) + 10.
-63
Evaluate 29 + -8 + -33 + -1 + 11 + 13.
11
Evaluate (-1995 - -2014) + -73 + (0 - -2).
-52
1 + 0 + 1 - (1616 + -1616) - 63
-61
What is the value of (0 - 78) + (-98 - -119) + -42?
-99
-16 - ((5 - -11) + -20 - (-4 - (-6 + 10)))
-20
Calculate (1 - -9) + (13 - (18 - -4) - 7) - 17.
-23
What is the value of (-28 - -53) + -2 - 30?
-7
Evaluate (3 - (-13 - 3)) + (79 - -67) + -24.
141
Evaluate 34 + -65 + (-63 - 0) + -19.
-113
-80 - -1 - (-14227 - -14203)
-55
-1 + 15 - 13 - (-2 - 6)
9
Evaluate (-5 - (3 - 6)) + -9 + 16 + -85.
-80
What is the value of 4 - ((1 - -6) + (-42 - -86))?
-47
Calculate 0 + 24 + -52 + 49 + -4.
17
(-1 - -7) + -33 - (-12 - -4) - -11
-8
Evaluate -9 + -60 + -25 - (3 + (-2 - (-2 + 2))).
-95
Evaluate (11 + 35 + -85 - -192) + -21.
132
What is the value of 1 + -3 + -44 + (0 + 3 - (18 - 5))?
-56
-37 - (-6 - -9) - (46 - 35 - (1 - -21))
-29
Evaluate (-39 - -28 - (-53 - 0)) + -11 + 0.
31
What is the value of (-135 - -3) + (-4 - (665 + -668 + 2 + -1))?
-134
What is 44 + (-27 - -35 - 22)?
30
What is 44 + (50 - 32 - -18 - 25)?
55
Evaluate -9 + (-4 - -11 - (-4 + -5 + 7)) + 39.
39
Calculate (-2 - 7) + (43 - (-3 + 2